0 - (-3 + 3)/1. Suppose 2*l - 4*l + 40 = u. What is the remainder when 57 is divided by l?
17
Suppose 0*s + 3*s + 1 = -2*m, 3*m + 4*s = -3. Let w(n) = -n**2 - 3. Let r be w(m). Calculate the remainder when 38 is divided by ((-7)/r)/(1/52).
12
What is the remainder when 43 is divided by (-62)/(-6) - 4/(-6)?
10
Suppose 0*z - 77 = -4*z + 3*n, -84 = -4*z - 4*n. Let r = -3 + z. Calculate the remainder when 31 is divided by r.
14
Suppose 0 = -3*u - k + 59, 78 = 7*u - 3*u + 2*k. Calculate the remainder when 58 is divided by u.
18
Suppose -2*q + 352 = -0*v + 5*v, 0 = -2*v - 4*q + 144. Let x(d) = d + 20. Calculate the remainder when v is divided by x(4).
22
Let t be (-16)/28 - (-60)/7. Suppose 5*f + 57 = t*f. What is the remainder when 52 is divided by f?
14
Let i = 1 - -17. Calculate the remainder when 89 is divided by i.
17
Let u = -1 + 6. What is the remainder when u is divided by 3 - ((-9)/18)/(1/(-2))?
1
Let z(t) = -t**3 + 6*t**2 - 8*t + 10. Suppose 0 = 2*r + 3*p - 29, -3*r + p + 12 = -4. Suppose -4*w = -r*w + 87. What is the remainder when w is divided by z(4)?
9
Suppose 3*m - 27 = -0*m. Let a(c) = -3*c + 15. What is the remainder when a(-6) is divided by m?
6
Suppose -45*u + 39*u + 174 = 0. Calculate the remainder when u is divided by 13.
3
Suppose -3*u = -2*w + 98, -5*w - 2*u = -0*u - 245. Suppose 3*h - w = -7. Calculate the remainder when 39 is divided by h.
11
Let s(u) = 5*u**3 + 3*u**2 - 2*u - 1. What is the remainder when s(2) is divided by 16?
15
Let j(i) = -16*i**3 - 4*i**2 - i + 4. What is the remainder when j(-2) is divided by 20?
18
Suppose -5 = c - 26. Calculate the remainder when c is divided by 8.
5
Let o be 14 + 3 + -6 - -1. What is the remainder when 17 is divided by (o/9)/((-4)/(-18))?
5
Let a = -24 - -47. What is the remainder when a is divided by 4?
3
Let v(q) = -5*q + 14. What is the remainder when v(-21) is divided by 30?
29
Let p = -17 + 25. Let b = 33 + -20. What is the remainder when p/12*(-111)/(-2) is divided by b?
11
Let n = -44 + 63. What is the remainder when 11936/160 - 6/10 is divided by n?
17
Let k = -21 - -25. Let c = 16 - 6. Calculate the remainder when c is divided by k.
2
Let i = 227 + -159. What is the remainder when i is divided by 25?
18
Let y(l) = 3*l**2 - 2*l - 1. Let c be y(-1). Suppose -c*s + 128 = -16. Let u = 28 + -9. What is the remainder when s is divided by u?
17
Let s = -8 - -6. Calculate the remainder when 44 is divided by 10/2 + s + 12.
14
Let s(t) = -t - 5. Let v(p) = -p + 13 - 7*p + 9*p - 3. Calculate the remainder when s(-6) is divided by v(-9).
0
Let z be (-2)/(-5)*(-5)/(-1). Suppose 2*k - 5*l = 31, -2*l - 29 = -z*k + l. What is the remainder when k is divided by ((-5)/(-10) - 1) + 55/10?
3
Let j = 3 + 0. Suppose j*q - 16 = 38. Suppose -4*i = 14*x - 16*x + 4, -3*x = 5*i - 50. Calculate the remainder when q is divided by x.
8
Let j = 34 + -22. Let b = 21 + j. Let s = 21 - 4. Calculate the remainder when b is divided by s.
16
Let u(w) = w**2 + 7*w + 16. What is the remainder when u(8) is divided by 23?
21
Suppose -26*m - 15 = -21*m. Calculate the remainder when ((-2)/(-5))/(m/(-285)) is divided by 21.
17
Let j = -7 + 10. Let u = 5 - j. Suppose 4*i = i + 6, 3*i - 34 = -u*k. What is the remainder when 41 is divided by k?
13
Let h(f) = f + 11. Let l(b) = 4. Let m(i) = 3*h(i) - 8*l(i). What is the remainder when m(7) is divided by 6?
4
Suppose x + 177 = -2*x. Let i = -34 - x. What is the remainder when i is divided by 9?
7
Suppose 5*b - 70 - 20 = 0. Calculate the remainder when 57 is divided by b/7*(-154)/(-33).
9
Suppose 2*f + 16 = 4*o, -o - f - 2*f = -4. Calculate the remainder when (-35)/(-2*2/o) is divided by 19.
16
Suppose 3*v - 24 = -0*v. Let o(x) = -x + 1. Let n be o(-1). Let q(m) = m**2 - 2*m + 3. What is the remainder when v is divided by q(n)?
2
Suppose 4*f - 46 = 6. Let u be 1*12/((-4)/(-1)). Suppose -u*d + 180 = 2*d. Calculate the remainder when d is divided by f.
10
Let k be (-6)/5*(-40)/12. Suppose -h + k + 3 = 0. Calculate the remainder when h is divided by 4.
3
Suppose -14*c = -9*c - 405. What is the remainder when c is divided by 28?
25
Let o(n) = -n**3 + 24*n**2 + 31*n - 53. What is the remainder when o(25) is divided by 11?
9
Suppose -15*f + 11*f + 160 = 0. What is the remainder when f is divided by 15?
10
Let r(d) = -2*d - 4*d**3 - 1 - 6*d**3 - 5*d**2 + 0*d**3. Let u be r(-3). What is the remainder when 24 is divided by 2/9 + u/18?
11
Suppose 5*h = -3*u + 24, -5*u + 8*h = 4*h - 3. What is the remainder when 13 is divided by 4/4*1 + u?
1
Let t = -6 + 51. Let b(j) = -j**3 + 18*j**2 - 19*j + 46. Calculate the remainder when t is divided by b(17).
9
Let p = 62 + -59. Calculate the remainder when 11 is divided by p.
2
Suppose -2*q + 111 = q. Let d(z) be the second derivative of z**3/2 + z**2/2 + z. What is the remainder when q is divided by d(4)?
11
Let f(w) = w**2 - 6*w + 4. Let a be f(4). Let b = 4 + -22. Let v = a - b. Calculate the remainder when 25 is divided by v.
11
Suppose -8*k + 15*k - 105 = 0. What is the remainder when k is divided by 1?
0
Let r = -8 + 14. Suppose -2*l - r = -40. Let b = l + 12. Calculate the remainder when b is divided by 10.
9
Let q = 21 + 1. Calculate the remainder when q is divided by 10 + -5 - (1 - 4).
6
Let a = 11 - -6. Suppose k + 5 = m - 43, -5*m + 231 = 4*k. Calculate the remainder when m is divided by a.
13
Let r be ((-12)/9 + 2)*3. Suppose -4*b + f = -20, -f = r*b + 3*b - 25. Calculate the remainder when 14 is divided by b.
4
Suppose -5*g + 10 = 0, -2*g + g = -p + 19. What is the remainder when 39 is divided by p?
18
Let q(j) = 47*j**2 - 1. Suppose -5*s = -0 - 15. Let v be 1/s - 2/(-3). Calculate the remainder when q(v) is divided by 16.
14
Suppose o - 2*o = -11. Suppose 3*u - o = 61. Calculate the remainder when 70 is divided by u.
22
Suppose j + 2*j - m = 89, 8 = -4*m. What is the remainder when j is divided by 8?
5
Let p(k) = -k**3 + 6*k**2 + 2*k + 7. Calculate the remainder when 74 is divided by p(6).
17
Calculate the remainder when (10/5)/2*48 is divided by 26.
22
Let a(h) = h**2 - 8*h + 9. Let f be a(3). Calculate the remainder when 12 is divided by 10 - (-2)/(4/f).
5
Let s(a) = -3*a + 8. Let h be s(7). Let u = 19 + h. Calculate the remainder when 17 is divided by u.
5
Let u(i) = 3*i**2 + 3*i - 6. Calculate the remainder when u(3) is divided by 15.
0
Let d(b) = -b**3 + 38. Let o = 5 - 5. Let t = 19 - 6. What is the remainder when d(o) is divided by t?
12
Let w = 3 - -2. Suppose 2 - 57 = -w*b. Let r = b + 8. What is the remainder when r is divided by 10?
9
Let z = 18 + -16. Suppose r = 6*r + 4*a - 114, z*r - 5*a = 39. Let b = 111 + -47. What is the remainder when b is divided by r?
20
Suppose -5*v = 3*g - 33, -2*g = 3*v - 0*g - 20. What is the remainder when 17 is divided by v?
5
Let j = 4 - 12. Let r(a) = -a**3 - 8*a**2 + 6. Calculate the remainder when 14 is divided by r(j).
2
Suppose 6 = 2*s + s. Suppose 4*r = j + 33, 0 = s*r - 3*r - j + 2. What is the remainder when 19 is divided by r?
5
Let v(u) = u**2 + 2*u + 1. Let l be v(-3). Suppose l*n + 72 = -0*n. Let b = 34 + n. What is the remainder when 47 is divided by b?
15
Let m(a) = -a**3 + 3*a**2 + 3*a - 3. Let k be m(2). Let n = 11 - k. What is the remainder when 15/(-20) - (1316/(-16))/7 is divided by n?
3
Let z be ((-6)/(-5))/(3/10). Suppose 0 = z*r - 2 - 90. Calculate the remainder when r is divided by 12.
11
Suppose -z - 4*z = 4*a - 641, -2*a + 334 = -2*z. Suppose 4*c = 3*p + 129, p + a = 8*c - 3*c. Calculate the remainder when c is divided by 12.
9
Suppose -r + 21 = -40. What is the remainder when 117 is divided by r?
56
Let u = 268 + -133. What is the remainder when u is divided by 23?
20
Suppose -3*v - 41 = -5*o, 44 = 5*o + v - 3*v. What is the remainder when 27 is divided by o?
7
Let g be (-271)/(-7) - 10/(-35). Suppose -4*s + g = 3. Let w = 46 - 13. What is the remainder when w is divided by s?
6
Let i(q) = -q**3 + 5*q**2 + 6. Calculate the remainder when 16 is divided by i(5).
4
Let p be (-6)/21 + 2641/7. Suppose -p = -6*j + 145. Calculate the remainder when j is divided by 22.
21
Suppose -2*f = j + 2*j - 4, 3*f + 16 = j. What is the remainder when 7 is divided by j?
3
Let w = -80 - -98. Calculate the remainder when 35 is divided by w.
17
Let i(f) = f**3 - 6*f**2 - 6*f - 1